) = b*h(p) - 8*v(p). Give s(6).
-1
Let d(s) = -5 + 4*s**3 - 3*s**3 + 9 + 0*s**3 + 4*s + 4*s**2. Determine d(-3).
1
Let f(n) = n**3 - 5*n**2 - 4*n + 2. Suppose 3*i = -3*i + 24. Suppose 5*q = 0, z + i*q - 8 + 2 = 0. Determine f(z).
14
Let w(s) = 27*s - 131. Let p be w(5). Let l(t) be the second derivative of 1/12*t**p - 4*t + 0 + 0*t**2 - 1/6*t**3. Determine l(2).
2
Let k(x) = -x**2 - 5*x + 6. Let q be k(-6). Suppose q*j + 3*j = -3. Let w(h) = h + 396*h**2 - 193*h**2 - 194*h**2. Determine w(j).
8
Let c(d) be the first derivative of -3/2*d**2 + 5/3*d**3 - 5*d + 2 - 1/4*d**4. Suppose 85 = 13*n + 33. Give c(n).
-1
Let f(h) = h**2 + 3*h - 3. Let p be 2/(-9) - 220/(-18). Suppose 0*g = 2*g + p. Let y = 2 + g. Give f(y).
1
Let i(g) = -7*g**2 + g - 4. Let b(s) = -s - 1. Let m be b(3). Let h(x) = -8*x**2 + 2*x - 5. Let q(r) = m*i(r) + 3*h(r). Give q(-1).
3
Let i be 62/14 + (-280)/(-490). Let x(s) = 2*s**2 - 4*s - 7. Determine x(i).
23
Let d(x) = x**2 + 3. Suppose -22*y = -8*y - 42. What is d(y)?
12
Let a(l) = -2*l**3 + 4*l**2 - 2*l. Let q be (-3 + 0)/(0 - (-12)/(-8)). Determine a(q).
-4
Suppose -14 = 2*c - 4*n, -5*n + 35 = -5*c - 3*n. Let k(t) = -t - 2. Determine k(c).
5
Let a(y) = 5*y**2 + 116*y**3 - 115*y**3 + y**2. What is a(-6)?
0
Let u be 2/((5/4)/5). Let w(c) be the first derivative of -c**3/3 + 4*c**2 - 6*c + 231. Determine w(u).
-6
Suppose 4*j = -5*w + 173 - 406, 2*j + w = -115. Let z = 54 + j. Let u(t) = t**2 + 7*t + 1. What is u(z)?
-11
Let l = 437 - 452. Let v(q) = q + 16. What is v(l)?
1
Let m(g) be the third derivative of g**4/24 + 7*g**3/6 + 30*g**2. Determine m(-2).
5
Let w(a) be the second derivative of -a**4/12 - 5*a**3/3 - 7*a**2/2 - 2*a. Suppose 2*l + 22 = 5*y, -20 = 4*l + 16*y - 14*y. Determine w(l).
17
Let q = -801 - -798. Let g(z) = -6*z - 12. Calculate g(q).
6
Suppose 14*o - 17*o = -15. Let y(a) = 4 + a**2 - 7 + 0 - o*a + 6. Calculate y(2).
-3
Let f = -36 + 55. Let k(v) = -22*v - 20*v + 62*v - f*v - 1. What is k(7)?
6
Let p be 630/(-90) - (-2 - 8). Let g(j) = j**2 - 2*j + 5*j + 2 - 6*j. Determine g(p).
2
Let h = -564 - -558. Let b(r) = r + 1. Determine b(h).
-5
Let q(g) be the third derivative of -g**5/60 - 7*g**4/24 + 7*g**3/6 - 24*g**2 - g. Determine q(-5).
17
Let r be (-15)/(-10) + (-1)/(-2). Let t be (-45)/(-35) - 4/14. Let s(o) = 6*o - 9*o + 5*o - o + t - o**3. What is s(r)?
-5
Let l(x) = x**2 + 6*x - 3*x**2 + x - 3 + x**2. Let j = 30 + -15. Let t be (-10 - 5)*(-6)/j. Give l(t).
3
Let i(t) = -3*t + 4. Let b be (2/(-3)*-3)/1. What is i(b)?
-2
Let b(k) = -k**3 - k**2. Let t(j) = -2*j**3 - 8*j**2 - 5*j - 6. Suppose -4*v = -v + 4*o - 9, 5*v - 15 = o. Let a(x) = v*b(x) - t(x). Give a(6).
0
Let z(c) = 6*c - 12. Let q(g) = -3*g + 9. Let w(a) = 1. Let p(o) = q(o) - 3*w(o). Let l(r) = 5*p(r) + 2*z(r). What is l(5)?
-9
Let z(p) be the second derivative of -p**4/12 - 4*p**3/3 - 7*p**2/2 + 47*p. Calculate z(-5).
8
Let f(b) = -17*b + 3. Let i(z) = 18*z - 4. Let x(t) = 5*f(t) + 4*i(t). Give x(1).
-14
Let n(f) be the second derivative of -5*f**3/6 + f**2/2 + 14*f. What is n(-1)?
6
Let m(k) = -4*k + 3. Let r be m(0). Suppose j + r = 9. Let f(l) = l**2 - 3*l - 7. Give f(j).
11
Let i = 117 + -110. Let f(b) = 4 + i + b**2 - 20 + 8*b. Determine f(-9).
0
Let a = -2 + 2. Let v = -1 + 12. Let p(l) = -15*l**2 + 0 + 14*l**2 - v - l. Calculate p(a).
-11
Suppose 5 = -5*a + 7*a - j, 2*a - 9 = -3*j. Let w(y) = 2*y**2 - 1 - y**2 - a*y + 0*y**2 + 3. Let g be (-6)/24 + (-9)/(-4). Calculate w(g).
0
Let m(k) = -8*k + 51. Let w be m(-16). Let j(h) = -89 + h**2 + w - 3*h - 93. What is j(4)?
1
Let q(b) = -b**3 - 8*b**2 - b - 6. Let a be q(-8). Let o(g) = 12*g**2 - 174*g - 27. Let v(r) = -r**2 + 13*r + 2. Let p(s) = -2*o(s) - 27*v(s). Give p(a).
6
Let s(b) = -b + 10. Let p(g) = 2*g - 14. Let h(d) = 3*p(d) + 4*s(d). What is h(3)?
4
Suppose -5*b + 7 = -3. Suppose 4*w - 5*w + b = 0. Suppose 5*g = -w - 8. Let j(t) = -t**3 - t**2 + 3*t + 2. Calculate j(g).
0
Let r be 1/3*(14 + -2). Let w(m) = m**3 + m**2 - 1. Let u(v) = 7*v**3 + 2*v**2 - 3*v. Let f(h) = -u(h) + 6*w(h). Determine f(r).
6
Let a(t) = -t + 14. Let h be -4 - ((-7)/3)/((-11)/(-66)). Give a(h).
4
Let y be 3/(-1) - -1*(-2 + 3). Let d(q) = -q**2 + q. Suppose w = -4*w - 10. Let j(b) = b**3 + 4*b**2 + b + 1. Let a(u) = w*d(u) - j(u). What is a(y)?
5
Suppose 10*f + 43*f = 318. Let z(j) = j**3 - 6*j**2 - 6*j + 25. What is z(f)?
-11
Let r(l) = 4*l - 2. Suppose 18*n + 185 + 13 = 0. Calculate r(n).
-46
Let r be -6*(3 + -1)/(4 + -1). Let p(k) = -k**3 + 5*k - 3. Give p(r).
41
Suppose 2*y - 4*b - 8 = 4*y, -4*b - 10 = 3*y. Let q(x) be the second derivative of -x**5/20 - x**4/4 - 16*x. Determine q(y).
-4
Let g(t) = -t - 2. Let u be 16/6 + 8/(-12). Let w(b) = 3*b**2 + b + 1. Let q be w(u). Suppose -6*o + o + q = 0. Calculate g(o).
-5
Let w(m) = m**2 + 6*m + 2. Let d(g) = -1. Let s(l) = 6*d(l) + w(l). Let u be 1/2*(10 + 2). Let n be (16 + -1)*u/(-15). Calculate s(n).
-4
Let a = 8 + -13. Let z(s) = 5*s - 5. Let x(d) = -12*d + 11. Let w(f) = -3*x(f) - 7*z(f). Determine w(a).
-3
Let b = 34 + -28. Let k(n) = n**3 - 7*n**2 + 7*n - 4. Determine k(b).
2
Let o be (-10)/(-3)*(-4 + 1 + 9). Suppose -4*a - o = -12. Let f(j) = -j**3 - 2*j**2 - 3*j - 3. Determine f(a).
3
Suppose v - 4*h - 13 = 68, 0 = -3*h - 3. Let j be (-92)/22 + 14/v. Let g(q) be the first derivative of 3*q**2/2 + 5*q + 2. What is g(j)?
-7
Let w(k) = k**3 - 460957*k**2 - 5*k - 4 + 0 + 460953*k**2. Suppose -5*u - 24 = -5*f + 6, -4*f + 23 = -3*u. Calculate w(f).
-4
Let h = 0 + 7. Suppose h = -t + 8. Let p(z) = -3*z + 0*z + 2*z. Determine p(t).
-1
Let z(x) = x - 5061 + 5061 - 7*x**3. Let y(p) = p - 4. Let r be y(3). Determine z(r).
6
Let h(f) = 5*f**2 - f**2 - 3*f**2 + 4. Let i be (4/16)/((-9)/(-324)) - 10/2. Determine h(i).
20
Let a(q) = 110*q**2 + 4*q - 3 - 2*q - 111*q**2 - 7 + 2*q. Calculate a(10).
-70
Let p(f) be the first derivative of 0*f + 1/24*f**4 + 9 - 4*f**2 - f**3. Let y(x) be the second derivative of p(x). Calculate y(0).
-6
Suppose 0 = 7*d - 18*d + 22. Let g(k) = 5*k**3 - k**2 + k + 7. Let z(s) = -4*s**3 + s**2 - s - 6. Let f(t) = -5*g(t) - 6*z(t). What is f(d)?
-9
Let t(z) = 54*z - 52. Let m(j) = -17*j + 17. Let v(i) = 19*m(i) + 6*t(i). Let h = -4 - -12. Give v(h).
19
Suppose 3*w - 4*l - 4 = 7, 28 = 4*w - 2*l. Let n(j) = w + j - j + j - 3. Give n(0).
6
Let m(s) = -s**3 - 32*s**2 - 33*s - 64. Let k be m(-31). Let g(i) = -i**3 + 2*i. Calculate g(k).
4
Let r(v) be the second derivative of -v**5/20 - v**4/6 + v**3 - 5*v**2/2 - 48*v + 6. Calculate r(-4).
3
Suppose 0 = f - 5*f. Let t(n) = -4 - 3*n - 3 + 4*n + f. Let m = -47 - -55. Determine t(m).
1
Let d(z) = -z. Let k(s) = -s**2 + 2*s - 6. Let b = 69 - 74. Let c(r) = b*d(r) + k(r). Give c(4).
6
Let i(r) = r**3 - 4*r**2 - 8*r + 4. Suppose 3*c = -4*x - 40, -c - 22 = -x - 2*x. Let z(a) = -a - 11. Let n be z(c). Calculate i(n).
-11
Let v(j) be the third derivative of j**4/4 + 7*j**3 + 386*j**2. Calculate v(-6).
6
Let j(u) = -7*u**2 - 3 + 2 + 6*u**2 + 10*u - 16 - 7. Calculate j(5).
1
Let s(m) = -4*m**3 - 19*m**2 - 32*m + 12. Let b(v) = -7*v**3 - 37*v**2 - 63*v + 17. Let a(x) = 3*b(x) - 5*s(x). Give a(-14).
5
Let d(i) = 3*i**3 + 4*i**2 + 2. Let w(m) be the first derivative of -2*m**4 - 4*m**3 - 5*m + 17. Let s(z) = 11*d(z) + 4*w(z). Give s(4).
2
Suppose -2*z - 22 = -5*c, -4*c - 5*z + 2*z = -36. Let v(o) = 4*o**2 - 4*o - 2. Let w(q) = -3*q**2 + 5*q + 2. Let t(u) = 2*v(u) + 3*w(u). What is t(c)?
8
Let w(p) = -51*p + 40. Let h(k) = -16*k + 13. Let g(u) = -19*h(u) + 6*w(u). Determine g(7).
-21
Let p(o) = 0*o**3 - 2 + 5*o**3 + 0 + 2*o - 7*o**3 - 3*o**2 + 7*o**2. Give p(-2).
26
Let u(h) = -h + 2. Let n be (-14)/4*(-120)/70. Let l(t) = 5*t - 11. Let i(c) = n*l(c) + 33*u(c). Give i(1).
-3
Let k(p) = 5*p**3 + 7*p**2 + 13*p - 6. Let q(m) = -14*m**3 - 21*m**2 - 37*m + 18. Let j(o) = 17*k(o) + 6*q(o). What is j(7)?
-1
Suppose -2*d = -1 - 3. Let r(w) = 6*w**d - 4*w - w**3 - 2 + 2*w - 5*w + 7. Let h be 33/9 + 1/3. Give r(h).
9
Suppose 0*s - 18 = -9*s. Let c(n) be the second derivative of 1/3*n**3 - 3*n + 0 - 1/2*n**s + 1/12*n**4. What is c(-3)?
2
Let f(p) be the first derivative of -p**3/3 - 5*p**2/2 + 2. Suppose 5*m - 7 = 3. Suppose -m = 4*a + 22. Calculate f(a).
-6
Let b(x) = 4 + 0*x + 2*x + 1. Let n(v) = -v**2 - 10*v - 27. S